of 563490212.
2, 73, 131, 14731
List the prime factors of 2216714960.
2, 5, 59, 271, 1733
What are the prime factors of 851666842?
2, 13, 41, 798937
List the prime factors of 258313420.
2, 5, 73, 176927
List the prime factors of 2806685229.
3, 47, 1871, 10639
What are the prime factors of 115180179?
3, 83, 462571
What are the prime factors of 136360801?
8123, 16787
What are the prime factors of 39827429?
37, 1076417
List the prime factors of 84184420.
2, 5, 4209221
List the prime factors of 281851937.
281851937
What are the prime factors of 226882596?
2, 3, 1597, 11839
What are the prime factors of 377978007?
3, 11, 11453879
List the prime factors of 688841310.
2, 3, 5, 89, 257993
List the prime factors of 769214369.
7, 11, 23, 83, 5233
List the prime factors of 348311086.
2, 5399, 32257
List the prime factors of 957373791.
3, 11, 4111, 7057
List the prime factors of 87822646.
2, 17, 2583019
What are the prime factors of 33613014?
2, 3, 19, 43, 6857
List the prime factors of 3121219701.
3, 1171, 296159
What are the prime factors of 655360814?
2, 71, 139, 33203
List the prime factors of 101410272.
2, 3, 117373
What are the prime factors of 20771929?
20771929
What are the prime factors of 372309411?
3, 31, 59, 67853
List the prime factors of 105737711.
105737711
List the prime factors of 5753994035.
5, 47, 24485081
List the prime factors of 22210390.
2, 5, 199, 11161
List the prime factors of 2795885207.
19, 109, 1350017
What are the prime factors of 477746912?
2, 14929591
What are the prime factors of 4242296364?
2, 3, 19, 23, 808981
What are the prime factors of 236379713?
17, 211, 65899
What are the prime factors of 261077392?
2, 16317337
What are the prime factors of 612150655?
5, 122430131
List the prime factors of 973334578.
2, 18539, 26251
List the prime factors of 250050138.
2, 3, 13, 229, 13999
List the prime factors of 1150202173.
1150202173
What are the prime factors of 199198185?
3, 5, 19, 643, 1087
List the prime factors of 213909781.
213909781
What are the prime factors of 20389411?
7, 73, 39901
What are the prime factors of 367210464?
2, 3, 3825109
What are the prime factors of 2085104931?
3, 7, 13, 587519
List the prime factors of 495018026.
2, 247509013
List the prime factors of 6010521.
3, 11, 23, 7919
List the prime factors of 586721998.
2, 89, 181, 18211
List the prime factors of 20425104.
2, 3, 7, 23, 881
List the prime factors of 1573494705.
3, 5, 34966549
List the prime factors of 30055361.
7, 4293623
List the prime factors of 139917730.
2, 5, 113, 123821
List the prime factors of 1291513874.
2, 7, 163, 233, 347
List the prime factors of 318347640.
2, 3, 5, 13, 68023
What are the prime factors of 179573635?
5, 17, 2112631
List the prime factors of 356924799.
3, 7, 11, 89, 643
List the prime factors of 2133888677.
4357, 489761
What are the prime factors of 66442724?
2, 257, 64633
List the prime factors of 5233977868.
2, 7, 186927781
What are the prime factors of 25583404?
2, 7, 11, 83063
List the prime factors of 1619469331.
113, 3739, 3833
What are the prime factors of 11576641?
61, 173, 1097
What are the prime factors of 2823738322?
2, 36901, 38261
What are the prime factors of 32699682?
2, 3, 631, 2879
List the prime factors of 139451293.
331, 421303
What are the prime factors of 437249725?
5, 11, 541, 2939
List the prime factors of 61631094.
2, 3, 7, 137, 10711
What are the prime factors of 594478128?
2, 3, 73, 169657
List the prime factors of 65003620.
2, 5, 11, 26861
List the prime factors of 13564676.
2, 571, 5939
What are the prime factors of 298518028?
2, 17, 4389971
List the prime factors of 38222620.
2, 5, 173, 11047
List the prime factors of 44341689.
3, 7, 2111509
What are the prime factors of 2215128552?
2, 3, 7, 13, 107, 9479
What are the prime factors of 3717604564?
2, 11827, 78583
List the prime factors of 166402251.
3, 18489139
What are the prime factors of 118471749?
3, 11, 251, 14303
List the prime factors of 1243896640.
2, 5, 7, 73, 7607
What are the prime factors of 31112921?
7, 4444703
List the prime factors of 388305849.
3, 23, 5627621
What are the prime factors of 29028528?
2, 3, 199, 1013
What are the prime factors of 41295750?
2, 3, 5, 55061
What are the prime factors of 2633889981?
3, 18229, 48163
What are the prime factors of 76684230?
2, 3, 5, 7, 121721
List the prime factors of 387133873.
7, 19, 239, 641
What are the prime factors of 154259799?
3, 51419933
What are the prime factors of 2263733?
41, 55213
What are the prime factors of 270626453?
4861, 55673
What are the prime factors of 2853869159?
14519, 196561
List the prime factors of 448926386.
2, 224463193
List the prime factors of 561808442.
2, 13, 23, 199, 4721
What are the prime factors of 3809117737?
101, 311, 121267
What are the prime factors of 339696393?
3, 5987, 18913
List the prime factors of 541622757.
3, 13, 163, 85201
What are the prime factors of 42735108?
2, 3, 13, 273943
List the prime factors of 1108695586.
2, 554347793
What are the prime factors of 686708883?
3, 7, 73, 83, 257
List the prime factors of 259089275.
5, 10363571
What are the prime factors of 421681504?
2, 97, 135851
What are the prime factors of 208672479?
3, 71, 326561
List the prime factors of 13282213.
7, 1897459
List the prime factors of 25631213.
71, 361003
What are the prime factors of 104570054?
2, 3851, 13577
List the prime factors of 626019389.
626019389
List the prime factors of 62130238.
2, 29, 157, 6823
List the prime factors of 4201256432.
2, 262578527
List the prime factors of 2250449688.
2, 3, 93768737
List the prime factors of 488525028.
2, 3, 521, 78139
List the prime factors of 2795214158.
2, 11, 127055189
List the prime factors of 20118985.
5, 191, 21067
List the prime factors of 1076360160.
2, 3, 5, 47, 47711
List the prime factors of 597414446.
2, 10433, 28631
List the prime factors of 10869854.
2, 137, 39671
What are the prime factors of 276799451?
4583, 60397
List the prime factors of 186331409.
11, 29, 53101
What are the prime factors of 302259398?
2, 7, 109, 198073
List the prime factors of 322428941.
79, 151, 179
What are the prime factors of 207339597?
3, 23037733
What are the prime factors of 2545578606?
2, 3, 17, 79, 315907
What are the prime factors of 935684545?
5, 19, 9849311
What are the prime factors of 376344498?
2, 3, 149, 420967
List the prime factors of 43672477.
43, 53, 19163
What are the prime factors of 767629?
191, 4019
What are the prime factors of 5676151?
13, 436627
List the prime factors of 1847712669.
3, 11, 499, 112207
List the prime factors of 289137953.
13, 19, 1170599
List the prime factors of 366358399.
11, 19, 131, 13381
What are the prime factors of 2510685698?
2, 17, 73843697
List the prime factors of 2131371518.
2, 397, 2684347
What are the prime factors of 92694927?
3, 13, 2376793
List the prime factors of 19232576.
2, 11, 17, 1607
What are the prime factors of 212722766?
2, 101, 1053083
List the prime factors of 1014030472.
2, 7, 13, 29, 43, 1117
List the prime factors of 70794193.
2411, 29363
List the prime factors of 49062840.
2, 3, 5, 408857
What are the prime factors of 1316943342?
2, 3, 11, 13, 511633
What are the prime factors of 1211084092?
2, 19, 15935317
What are the prime factors of 285227298?
2, 3, 743, 7109
What are the prime factors of 153440712?
2, 3, 47, 45343
What are the prime factors of 2387028309?
3, 29, 3413, 8039
List the prime factors of 484337309.
677, 715417
List the prime factors of 229396809.
3, 859, 89017
List the prime factors of 1453506880.
2, 5, 7, 648887
What are the prime factors of 306291470?
2, 5, 31, 269, 3673
List the prime factors of 1244269973.
43, 103, 499, 563
What are the prime factors of 844435586?
2, 422217793
List the prime factors of 126113749.
149, 846401
List the prime factors of 7829440.
2, 5, 43, 569
What are the prime factors of 2144637392?
2, 23, 283, 20593
What are the prime factors of 57870131?
11, 43, 122347
What are the prime factors of 1009333140?
2, 3, 5, 107, 157217
List the prime factors of 628099834.
2, 19, 16528943
List the prime factors of 661709.
149, 4441
List the prime factors of 3335795.
5, 163, 4093
What are the prime factors of 13390463?
59, 73, 3109
What are the prime factors of 4398065201?
31, 141873071
What are the prime factors